{"id":1260,"date":"2023-08-08T19:38:40","date_gmt":"2023-08-08T19:38:40","guid":{"rendered":"https:\/\/shopmen.hestiacollectioncompetition.com\/?post_type=product&#038;p=1260"},"modified":"2023-09-07T06:35:36","modified_gmt":"2023-09-07T06:35:36","slug":"ultra-degraded-2","status":"publish","type":"product","link":"https:\/\/interesting-banach.172-93-104-170.plesk.page\/index.php\/product\/ultra-degraded-2\/","title":{"rendered":"ULTRA DEGRADED"},"content":{"rendered":"<div class=\"flex flex-grow flex-col gap-3\">\n<div class=\"min-h-[20px] flex flex-col items-start gap-3 overflow-x-auto whitespace-pre-wrap break-words\">\n<div class=\"markdown prose w-full break-words dark:prose-invert dark\">\n<p style=\"text-align: center;\">Sum\u00e9rgete en la esencia de la competici\u00f3n de \u00e9lite con el baggie Ultra Degraded de Hestia Pro, una obra maestra dise\u00f1ada para los apasionados competidores de Culturismo Men&#8217;s Physique. Este baggie no es simplemente un accesorio; es una extensi\u00f3n de tu compromiso con la excelencia en el escenario. Confeccionado con maestr\u00eda y estilo, el Ultra Degraded resalta tus atributos f\u00edsicos mientras te brinda el soporte necesario para brillar en cada presentaci\u00f3n. Inspirado en la transformaci\u00f3n constante hacia la perfecci\u00f3n, este baggie te ofrece un ajuste inigualable que acent\u00faa tus logros y pone de relieve tus cualidades atl\u00e9ticas. Dotado con compartimentos estrat\u00e9gicos dise\u00f1ados para adaptarse a todos tus elementos esenciales de competici\u00f3n, el Ultra Degraded se convierte en tu herramienta fundamental para conquistar la victoria. Eleva tu presencia en el escenario y demuestra tu dedicaci\u00f3n implacable llevando contigo el baggie Ultra Degraded de Hestia Pro.<\/p>\n<\/div>\n<\/div>\n<\/div>\n","protected":false},"excerpt":{"rendered":"<p>Sum\u00e9rgete en la esencia de la competici\u00f3n de \u00e9lite con el baggie Ultra Degraded de Hestia Pro, una obra maestra dise\u00f1ada para los apasionados competidores de Culturismo Men&#8217;s Physique. Este baggie no es simplemente un accesorio; es una extensi\u00f3n de tu compromiso con la excelencia en el escenario. Confeccionado con maestr\u00eda y estilo, el Ultra [&hellip;]<\/p>\n","protected":false},"featured_media":1263,"comment_status":"open","ping_status":"closed","template":"","meta":[],"product_cat":[83],"product_tag":[],"class_list":["post-1260","product","type-product","status-publish","has-post-thumbnail","hentry","product_cat-baggies"],"_links":{"self":[{"href":"https:\/\/interesting-banach.172-93-104-170.plesk.page\/index.php\/wp-json\/wp\/v2\/product\/1260","targetHints":{"allow":["GET"]}}],"collection":[{"href":"https:\/\/interesting-banach.172-93-104-170.plesk.page\/index.php\/wp-json\/wp\/v2\/product"}],"about":[{"href":"https:\/\/interesting-banach.172-93-104-170.plesk.page\/index.php\/wp-json\/wp\/v2\/types\/product"}],"replies":[{"embeddable":true,"href":"https:\/\/interesting-banach.172-93-104-170.plesk.page\/index.php\/wp-json\/wp\/v2\/comments?post=1260"}],"wp:featuredmedia":[{"embeddable":true,"href":"https:\/\/interesting-banach.172-93-104-170.plesk.page\/index.php\/wp-json\/wp\/v2\/media\/1263"}],"wp:attachment":[{"href":"https:\/\/interesting-banach.172-93-104-170.plesk.page\/index.php\/wp-json\/wp\/v2\/media?parent=1260"}],"wp:term":[{"taxonomy":"product_cat","embeddable":true,"href":"https:\/\/interesting-banach.172-93-104-170.plesk.page\/index.php\/wp-json\/wp\/v2\/product_cat?post=1260"},{"taxonomy":"product_tag","embeddable":true,"href":"https:\/\/interesting-banach.172-93-104-170.plesk.page\/index.php\/wp-json\/wp\/v2\/product_tag?post=1260"}],"curies":[{"name":"wp","href":"https:\/\/api.w.org\/{rel}","templated":true}]}}